mainder when 61593 is divided by 60?
33
Calculate the remainder when 66304 is divided by 66.
40
Calculate the remainder when 1197 is divided by 150.
147
Calculate the remainder when 20306 is divided by 37.
30
Calculate the remainder when 264951 is divided by 8.
7
What is the remainder when 5829 is divided by 164?
89
Calculate the remainder when 7720 is divided by 2571.
7
What is the remainder when 229548 is divided by 643?
640
Calculate the remainder when 69032 is divided by 33.
29
Calculate the remainder when 21026 is divided by 24.
2
Calculate the remainder when 873995 is divided by 3.
2
What is the remainder when 1101 is divided by 1100?
1
Calculate the remainder when 30564 is divided by 23.
20
What is the remainder when 21925 is divided by 77?
57
Calculate the remainder when 19706 is divided by 6548.
62
Calculate the remainder when 3168 is divided by 446.
46
Calculate the remainder when 3694 is divided by 21.
19
Calculate the remainder when 12290 is divided by 43.
35
Calculate the remainder when 1078 is divided by 337.
67
Calculate the remainder when 6569 is divided by 386.
7
What is the remainder when 296 is divided by 97?
5
Calculate the remainder when 15582 is divided by 116.
38
What is the remainder when 3122875 is divided by 24?
19
Calculate the remainder when 83185 is divided by 104.
89
Calculate the remainder when 476 is divided by 428.
48
Calculate the remainder when 3663 is divided by 732.
3
Calculate the remainder when 1141 is divided by 109.
51
Calculate the remainder when 40179 is divided by 56.
27
What is the remainder when 24987 is divided by 462?
39
What is the remainder when 2205 is divided by 274?
13
Calculate the remainder when 188472 is divided by 153.
129
Calculate the remainder when 11340 is divided by 2264.
20
What is the remainder when 1144239 is divided by 228844?
19
Calculate the remainder when 8060 is divided by 126.
122
What is the remainder when 38278 is divided by 242?
42
What is the remainder when 2276 is divided by 380?
376
What is the remainder when 439949 is divided by 44?
37
Calculate the remainder when 4347 is divided by 81.
54
Calculate the remainder when 146973 is divided by 1547.
8
What is the remainder when 1388 is divided by 1145?
243
What is the remainder when 9259 is divided by 37?
9
Calculate the remainder when 28572 is divided by 587.
396
Calculate the remainder when 7866 is divided by 571.
443
What is the remainder when 2515 is divided by 283?
251
Calculate the remainder when 1192 is divided by 130.
22
Calculate the remainder when 27367 is divided by 170.
167
Calculate the remainder when 36691 is divided by 173.
15
What is the remainder when 4049 is divided by 1196?
461
What is the remainder when 64736 is divided by 3?
2
What is the remainder when 11789 is divided by 25?
14
Calculate the remainder when 144905 is divided by 2498.
21
What is the remainder when 2610 is divided by 1272?
66
Calculate the remainder when 41154 is divided by 13716.
6
Calculate the remainder when 7647 is divided by 71.
50
Calculate the remainder when 32636 is divided by 222.
2
Calculate the remainder when 9436 is divided by 2358.
4
Calculate the remainder when 15877 is divided by 10.
7
Calculate the remainder when 430245 is divided by 12.
9
Calculate the remainder when 25919 is divided by 51.
11
What is the remainder when 5057 is divided by 20?
17
Calculate the remainder when 5861 is divided by 115.
111
What is the remainder when 14841 is divided by 278?
107
What is the remainder when 18039 is divided by 86?
65
What is the remainder when 240470 is divided by 26718?
8
Calculate the remainder when 2582 is divided by 5.
2
What is the remainder when 5790 is divided by 298?
128
Calculate the remainder when 885604 is divided by 19680.
4
What is the remainder when 7153 is divided by 121?
14
Calculate the remainder when 3641 is divided by 69.
53
What is the remainder when 991 is divided by 45?
1
What is the remainder when 26367 is divided by 108?
15
Calculate the remainder when 30457 is divided by 17.
10
What is the remainder when 258807 is divided by 397?
360
Calculate the remainder when 6137 is divided by 568.
457
Calculate the remainder when 232315 is divided by 232310.
5
Calculate the remainder when 16293 is divided by 4070.
13
What is the remainder when 733 is divided by 121?
7
Calculate the remainder when 113768 is divided by 391.
378
Calculate the remainder when 961 is divided by 12.
1
What is the remainder when 118228 is divided by 30?
28
Calculate the remainder when 151499 is divided by 161.
159
Calculate the remainder when 10271 is divided by 92.
59
What is the remainder when 1796 is divided by 50?
46
Calculate the remainder when 1088637 is divided by 756.
753
What is the remainder when 1443552 is divided by 51?
48
What is the remainder when 10087 is divided by 130?
77
What is the remainder when 9448 is divided by 1349?
5
Calculate the remainder when 89613 is divided by 8.
5
What is the remainder when 19368 is divided by 167?
163
Calculate the remainder when 7386 is divided by 14.
8
What is the remainder when 188923 is divided by 6094?
9
What is the remainder when 3538 is divided by 126?
10
Calculate the remainder when 17506 is divided by 8506.
494
Calculate the remainder when 4601 is divided by 656.
9
Calculate the remainder when 43175 is divided by 744.
23
What is the remainder when 25471 is divided by 432?
415
Calculate the remainder when 23977 is divided by 11944.
89
Calculate the remainder when 2661 is divided by 704.
549
What is the remainder when 6884 is divided by 291?
191
Calculate the remainder when 10918 is divided by 210.
208
What is the remainder when 1414 is divided by 174?
22
Calculate the remainder when 8878 is divided by 2944.
46
Calculate the remainder when 14007 is divided by 262.
121
What is the remainder when 117186 is divided by 586?
572
What is the remainder when 39979 is divided by 1392?
1003
What is the remainder when 153138 is divided by 21?
6
Calculate the remainder when 21347 is divided by 61.
58
What is the remainder when 2671 is divided by 751?
418
Calculate the remainder when 4125 is divided by 51.
45
What is the remainder when 651936 is divided by 47?
46
Calculate the remainder when 64432 is divided by 855.
307
Calculate the remainder when 11364 is divided by 522.
402
What is the remainder when 8973 is divided by 38?
5
What is the remainder when 93878 is divided by 46931?
16
What is the remainder when 5504 is divided by 1100?
4
What is the remainder when 55677 is divided by 24?
21
Calculate the remainder when 18133 is divided by 93.
91
What is the remainder when 78330 is divided by 19557?
102
What is the remainder when 1483108 is divided by 6?
4
Calculate the remainder when 104373 is divided by 20873.
8
Calculate the remainder when 2055 is divided by 591.
282
Calculate the remainder when 40751 is divided by 43.
30
Calculate the remainder when 4835 is divided by 4607.
228
Calculate the remainder when 146296 is divided by 50.
46
What is the remainder when 12632 is divided by 842?
2
Calculate the remainder when 9680 is divided by 39.
8
Calculate the remainder when 117853 is divided by 117835.
18
What is the remainder when 281603 is divided by 894?
887
What is the remainder when 1851 is divided by 781?
289
What is the remainder when 80137 is divided by 40061?
15
Calculate the remainder when 41611 is divided by 34.
29
Calculate the remainder when 7959 is divided by 1590.
9
Calculate the remainder when 39499 is divided by 39419.
80
What is the remainder when 9373 is divided by 268?
261
What is the remainder when 26608 is divided by 99?
76
What is the remainder when 8837 is divided by 116?
21
Calculate the remainder when 7581 is divided by 5.
1
Calculate the remainder when 11311 is divided by 6.
1
What is the remainder when 30503 is divided by 30446?
57
What is the remainder when 4650 is divided by 1522?
84
What is the remainder when 81079 is divided by 480?
439
Calculate the remainder when 1154 is divided by 540.
74
Calculate the remainder when 8880 is divided by 46.
2
Calculate the remainder when 27527 is divided by 6.
5
Calculate the remainder when 1951 is divided by 642.
25
What is the remainder when 14310 is divided by 402?
240
Calculate the remainder when 1527060 is divided by 259.
2